10?
6
What is the ten thousands digit of 154428?
5
What is the units digit of 6656562?
2
What is the hundreds digit of 972634?
6
What is the tens digit of 1109073?
7
What is the hundreds digit of 177385?
3
What is the hundreds digit of 2150660?
6
What is the units digit of 959387?
7
What is the ten millions digit of 33622612?
3
What is the hundred thousands digit of 490893?
4
What is the units digit of 4254406?
6
What is the units digit of 3226078?
8
What is the thousands digit of 7219502?
9
What is the hundreds digit of 6635755?
7
What is the hundreds digit of 1258486?
4
What is the millions digit of 24484921?
4
What is the ten thousands digit of 2499584?
9
What is the hundreds digit of 545313?
3
What is the hundreds digit of 60697?
6
What is the units digit of 1590473?
3
What is the ten thousands digit of 1600248?
0
What is the thousands digit of 820510?
0
What is the units digit of 173048?
8
What is the tens digit of 3057774?
7
What is the millions digit of 10171230?
0
What is the hundred thousands digit of 474565?
4
What is the tens digit of 728066?
6
What is the tens digit of 15213788?
8
What is the ten thousands digit of 888412?
8
What is the units digit of 303369?
9
What is the hundreds digit of 785364?
3
What is the hundred thousands digit of 9622994?
6
What is the hundreds digit of 547272?
2
What is the units digit of 1013418?
8
What is the millions digit of 2619679?
2
What is the hundreds digit of 114932?
9
What is the units digit of 6946886?
6
What is the ten millions digit of 18502327?
1
What is the hundred thousands digit of 386018?
3
What is the hundred thousands digit of 467564?
4
What is the tens digit of 884566?
6
What is the units digit of 139031?
1
What is the units digit of 26848343?
3
What is the hundred thousands digit of 2830646?
8
What is the millions digit of 2937454?
2
What is the units digit of 9753?
3
What is the thousands digit of 1621060?
1
What is the thousands digit of 89564?
9
What is the hundreds digit of 472374?
3
What is the ten thousands digit of 37830?
3
What is the hundred thousands digit of 4554044?
5
What is the hundred thousands digit of 5687042?
6
What is the ten thousands digit of 613761?
1
What is the tens digit of 19981?
8
What is the millions digit of 1024090?
1
What is the hundred thousands digit of 5733829?
7
What is the thousands digit of 293690?
3
What is the tens digit of 2481427?
2
What is the units digit of 392662?
2
What is the hundred thousands digit of 499791?
4
What is the ten thousands digit of 262974?
6
What is the ten thousands digit of 469464?
6
What is the millions digit of 9281915?
9
What is the millions digit of 2092693?
2
What is the thousands digit of 4530157?
0
What is the millions digit of 1427092?
1
What is the units digit of 335470?
0
What is the millions digit of 29133224?
9
What is the units digit of 959887?
7
What is the ten thousands digit of 912544?
1
What is the ten thousands digit of 245997?
4
What is the tens digit of 3794598?
9
What is the units digit of 394039?
9
What is the ten thousands digit of 806426?
0
What is the millions digit of 1254075?
1
What is the tens digit of 14435?
3
What is the hundred thousands digit of 3840872?
8
What is the hundreds digit of 283800?
8
What is the hundred thousands digit of 1615161?
6
What is the thousands digit of 471119?
1
What is the units digit of 3402417?
7
What is the millions digit of 3300886?
3
What is the hundred thousands digit of 7860443?
8
What is the ten thousands digit of 1179541?
7
What is the ten thousands digit of 86288?
8
What is the hundreds digit of 144030?
0
What is the ten thousands digit of 231795?
3
What is the ten thousands digit of 30055793?
5
What is the hundreds digit of 6772926?
9
What is the ten thousands digit of 8746106?
4
What is the millions digit of 9654358?
9
What is the tens digit of 9427264?
6
What is the ten thousands digit of 877851?
7
What is the hundreds digit of 151226?
2
What is the tens digit of 3430233?
3
What is the thousands digit of 920685?
0
What is the ten thousands digit of 27448100?
4
What is the hundreds digit of 1709237?
2
What is the thousands digit of 1221553?
1
What is the hundred thousands digit of 984751?
9
What is the units digit of 1055509?
9
What is the millions digit of 1729456?
1
What is the ten thousands digit of 272767?
7
What is the hundred thousands digit of 907846?
9
What is the tens digit of 312359?
5
What is the tens digit of 2578959?
5
What is the hundreds digit of 232773?
7
What is the ten thousands digit of 2566153?
6
What is the ten millions digit of 31238683?
3
What is the ten millions digit of 17428654?
1
What is the tens digit of 3770475?
7
What is the thousands digit of 540552?
0
What is the hundred thousands digit of 202168?
2
What is the hundreds digit of 171832?
8
What is the units digit of 7136895?
5
What is the tens digit of 391597?
9
What is the thousands digit of 172792?
2
What is the ten thousands digit of 284758?
8
What is the ten thousands digit of 575529?
7
What is the ten thousands digit of 286481?
8
What is the thousands digit of 426046?
6
What is the units digit of 4168229?
9
What is the thousands digit of 808593?
8
What is the ten thousands digit of 2180977?
8
What is the ten thousands digit of 27481?
2
What is the units digit of 2976906?
6
What is the hundreds digit of 122338?
3
What is the ten thousands digit of 33566555?
6
What is the units digit of 7682414?
4
What is the thousands digit of 511766?
1
What is the units digit of 489996?
6
What is the hundred thousands digit of 5398913?
3
What is the ten thousands digit of 333820?
3
What is the hundreds digit of 20755?
7
What is the hundred thousands digit of 19995242?
9
What is the tens digit of 705248?
4
What is the ten thousands digit of 2829882?
2
What is the ten thousands digit of 1767584?
6
What is the hundred thousands digit of 1702611?
7
What is the hundreds digit of 63462?
4
What is the ten thousands digit of 790893?
9
What is the millions digit of 1228251?
1
What is the tens digit of 234210?
1
What is the hundred thousands digit of 720150?
7
What is the hundreds digit of 193900?
9
What is the hundred thousands digit of 2023876?
0
What is the hundreds digit of 2200938?
9
What is the hundred thousands digit of 16084224?
0
What is the millions digit of 4498386?
4
What is the hundreds digit of 384798?
7
What is the tens digit of 122218?
1
What is the units digit of 3380414?
4
What is the hundred thousands digit of 1476762?
4
What is the hundreds digit of 311293?
2
What is the millions digit of 12706864?
2
What is the hundred thousands digit of 1848799?
8
What is the thousands digit of 302113?
2
What is the hundred thousands digit of 33334698?
3
What is the thousands digit of 3247497?
7
What is the millions digit of 2315499?
2
What is the hundreds digit of 12406721?
7
What is the tens digit of 1953184?
8
What is the tens digit of 290271?
7
What is the ten thousands digit of 10129155?
2
What is the ten thousands digit of 12326163?
2
What is the hundred thousands digit of 419574?
4
What is the ten thousands digit of 4280071?
8
What is the millions digit of 3699049?
3
What is the hundreds digit of 131593?
5
What is the units digit of 1289151?
1
What is the thousands digit of 571311?
1
What is the tens digit of 312882?
8
What is the tens digit of 57866?
6
What is the millions digit of 3091701?
3
What is the thousands digit of 396715?
6
What is the ten thousands digit of 726488?
2
What is the thousands digit of 278194?
8
What is the thousands digit of 1089217?
9
What is the millions digit of 2312362?
2
What is the millions digit of 2068522?
2
What is the tens digit of 362997?
9
What is the millions digit of 3517604?
3
What is the hundred thousands digit of 1102866?
1
What is the ten thousands digit of 1703165?
0
What is the hundreds digit of 5933520?
5
What is the thousands digit of 1444011?
4
What is the ten millions digit of 19283593?
1
What is the tens digit of 21396250?
5
What is the hundreds digit of 1706013?
0
What is the thousands digit of 2650839?
0
What is the ten thousands digit of 159469?
5
What is the hundred thousands digit of 323699?
3
What is the ten thousands digit of 4163401?
6
What is the tens digit of 261251?
5
What is the units digit of 15288461?
1
What is the h